50663 composite?
True
Is 88423393 a prime number?
True
Is 2119087 a prime number?
True
Is 11140021 a composite number?
False
Is 31491457 composite?
True
Is 1562051 prime?
True
Is 471476083 prime?
False
Is 23253799 prime?
False
Is 17674961 composite?
True
Is 1546639 composite?
False
Is 4508993 a composite number?
True
Is 2373758 prime?
False
Is 317921 a prime number?
True
Is 199432307 prime?
True
Is 29796467 a prime number?
True
Is 34650697 a composite number?
True
Is 40829009 prime?
False
Is 40023213 a prime number?
False
Is 818911969 prime?
False
Is 43159591 composite?
True
Is 40596719 a prime number?
False
Is 3984611 a composite number?
False
Is 30439769 a prime number?
True
Is 719800867 a composite number?
False
Is 145416503 composite?
True
Is 1167239 a composite number?
True
Is 45364217 a prime number?
True
Is 689548103 a prime number?
False
Is 3393833 a prime number?
True
Is 49454543 a prime number?
True
Is 6974837 prime?
True
Is 95018195 a prime number?
False
Is 3324509 a prime number?
True
Is 15368233 a prime number?
True
Is 155673829 a composite number?
False
Is 140969971 prime?
True
Is 5216713 a composite number?
True
Is 34628921 prime?
False
Is 5045186 composite?
True
Is 1474859 a composite number?
False
Is 14444601 prime?
False
Is 113936338 a prime number?
False
Is 3066901 a prime number?
True
Is 8152301 prime?
False
Is 5684345 a composite number?
True
Is 7204657 composite?
True
Is 44013491 prime?
True
Is 2923787 prime?
True
Is 18264017 a composite number?
False
Is 68653729 a prime number?
True
Is 111742919 a prime number?
False
Is 264597757 a composite number?
False
Is 112433371 a prime number?
True
Is 6888407 prime?
True
Is 469397 a prime number?
True
Is 2012279 composite?
True
Is 1115563 a prime number?
False
Is 1503632357 a composite number?
False
Is 588183269 a composite number?
False
Is 28473739 a composite number?
True
Is 6409639 a prime number?
False
Is 38887711 prime?
True
Is 102518077 composite?
False
Is 2592329 a prime number?
True
Is 1134841 a composite number?
False
Is 2709167 a prime number?
True
Is 542611 prime?
False
Is 30932677 composite?
True
Is 20998829 a composite number?
False
Is 8771327 a prime number?
True
Is 27298813 composite?
False
Is 89470253 a prime number?
False
Is 38336629 composite?
True
Is 41727359 composite?
True
Is 3863173 composite?
False
Is 22872817 a prime number?
False
Is 917957 prime?
False
Is 42267661 composite?
True
Is 41607751 prime?
True
Is 600859579 a composite number?
False
Is 48437615 a prime number?
False
Is 22402517 a prime number?
False
Is 215057 a prime number?
False
Is 29415577 a composite number?
True
Is 67875589 a composite number?
True
Is 206861917 a prime number?
False
Is 1788287 a prime number?
False
Is 4525981 composite?
False
Is 948023 composite?
True
Is 3079927 a prime number?
True
Is 36032543 a prime number?
True
Is 12125171 a composite number?
False
Is 1239089 composite?
False
Is 2183833 a prime number?
True
Is 33677951 a composite number?
True
Is 115714069 prime?
False
Is 20148329 composite?
False
Is 24097573 composite?
False
Is 976663459 prime?
True
Is 3795853 a prime number?
True
Is 443413 composite?
False
Is 6653891 composite?
False
Is 5966599 a prime number?
True
Is 101894539 a composite number?
False
Is 30739721 prime?
True
Is 76736753 prime?
False
Is 12281413 a composite number?
True
Is 1287131 composite?
False
Is 83698981 prime?
True
Is 583033537 prime?
True
Is 61673947 prime?
True
Is 326935511 a composite number?
True
Is 3060047 a prime number?
True
Is 2211257 prime?
True
Is 824123 a composite number?
False
Is 22255671 a composite number?
True
Is 109724213 a prime number?
True
Is 73671293 composite?
False
Is 7416353 composite?
True
Is 12940001 prime?
True
Is 72533 prime?
True
Is 620561237 composite?
True
Is 2170109 composite?
False
Is 5505919 composite?
False
Is 444739279 a prime number?
True
Is 158141 a composite number?
False
Is 13127405 prime?
False
Is 2353019 a prime number?
False
Is 210333 a prime number?
False
Is 5551279 composite?
False
Is 3235283 a prime number?
True
Is 300157513 a composite number?
False
Is 27826649 prime?
True
Is 27587561 a composite number?
False
Is 1823567 composite?
False
Is 2721533 prime?
True
Is 6053654 a composite number?
True
Is 9018473 prime?
True
Is 42223781 composite?
False
Is 4576303 composite?
False
Is 13682407 a composite number?
False
Is 111729 composite?
True
Is 16595177 a composite number?
False
Is 369493517 prime?
False
Is 197803 a prime number?
True
Is 22530757 composite?
False
Is 2947677 composite?
True
Is 3368971 composite?
True
Is 17793019 a prime number?
True
Is 2466619 prime?
True
Is 813799 a prime number?
False
Is 29522483 a composite number?
False
Is 15353183 a prime number?
True
Is 36072734 prime?
False
Is 7570817 a prime number?
False
Is 23610007 composite?
True
Is 93544601 a prime number?
False
Is 8804687 a prime number?
False
Is 100789 composite?
True
Is 53987821 a composite number?
True
Is 665713 composite?
False
Is 268296349 a composite number?
False
Is 1216717 a composite number?
False
Is 5273173 a prime number?
True
Is 7709657 a prime number?
False
Is 2508641 prime?
True
Is 94843369 prime?
False
Is 2133949 prime?
True
Is 94386179 prime?
True
Is 252153137 composite?
False
Is 307202738 a composite number?
True
Is 18101791 a prime number?
True
Is 179615698 a composite number?
True
Is 1558987 a composite number?
True
Is 343040869 a prime number?
False
Is 3671621 a prime number?
False
Is 533174 prime?
False
Is 1772657 a prime number?
False
Is 95797159 composite?
True
Is 1742579 prime?
True
Is 642442439 composite?
True
Is 80400377 prime?
False
Is 61019495 prime?
False
Is 345403 a composite number?
True
Is 35491 a composite number?
False
Is 527467099 composite?
False
Is 13676353 a composite number?
False
Is 8563237 a prime number?
True
Is 18866477 composite?
True
Is 4848071 prime?
True
Is 3367211 prime?
True
Is 25717271 a composite number?
True
Is 5901739 a composite number?
False
Is 32926741 a composite number?
False
Is 49921957 prime?
True
Is 2318089 a composite number?
False
Is 283580601 a prime number?
False
Is 145462121 a composite number?
True
Is 503959 composite?
False
Is 11637151 a prime number?
True
Is 6037583 composite?
False
Is 25309357 composite?
False
Is 57410063 a composite number?
False
Is 2413849 a prime number?
True
Is 1124545 composite?
True
Is 680587 a composite number?
False
Is 10638035 composite?
True
Is 792830057 a prime number?
True
Is 1442561 composite?
True
Is 2513777 composite?
True
Is 656563 a prime number?
False
Is 221933273 a composite number?
False
Is 28832927 composite?
False
Is 2004989 a composite number?
True
Is 27887159 composite?
True
Is 9836543 a composite number?
False
Is 1704062 prime?
False
Is 354799 a prime number?
True
Is 529783 a prime number?
False
Is 47424109 a composite number?
False
Is 562928999 prime?
False
Is 13638881 prime?
True
Is 31223239 composite?
False
Is 47614241 a composite number?
True
Is 2079751 composite?
True
Is 55278317 a prime number?
False
Is 4027067 prime?
False
Is 16142911 a prime number?
False
Is 4053979 prime?
False
Is 66142183 a composite number?
False
Is 65890777 a composite number?
True
Is 1399 a composite number?
False
Is 1758799 composite?
True
Is 60142597 composite?
False
Is 43907867 a composite number?
True
Is 545521 a composite number?
False
Is 13511 prime?
False
Is 35319279 composite?
True
Is 3657503 a composite number?
True
Is 814531 prime?
True
Is 3138869 composite?
False
Is 7025531 composite?
False
Is 4492883 prime?
False
Is 25137335 composite?
True
Is 23443559 prime?
True
Is 937917629 a prime number?
False
Is 671637269 composite?
False
Is 24407 a composite number?
False
Is 17636543 prime?
True
Is 1529113 a prime number?
False
Is 27188347 a prime number?
False
Is 607413 a prime number?
False
Is 61206553 prime?
True
Is 3819139 a prime number?
True
Is 83622977 a prime number?
True
Is 256106297 prime?
True
Is 982229 composite?
True
Is 437137 a prime number?
True
Is 457989239 a composite number?
False
Is 9026351 a prime number?
False
Is 1009664657 a composite number?
False
Is 20659469 composite?
True
Is 12382463 a prime number?
True
Is 10060822 prime?
False
Is 396956297 prime?
True
Is 597066931 a composite number?
False
Is 87037 prim